t r be 7*((-102)/(-14) - d). Calculate the greatest common divisor of r and 90.
30
Let o(q) = 6 - 9 + 3*q + 3 + 18. Let m be o(-4). What is the greatest common divisor of m and 6?
6
Let d(n) = -3*n**3 + 3*n**2 - 6*n. Let a be d(-3). What is the greatest common factor of a and 210?
42
Suppose -2*y + 44 = 3*b, -y - 2*b = -6*y + 148. What is the highest common factor of 84 and y?
28
Suppose -3*d - 2*j + 9 = -2*d, 15 = d + 5*j. Suppose 5*f - 2*p - 3*p - 5 = 0, -5*p = -2*f - 1. What is the highest common factor of f and d?
1
Let n be ((-36)/63)/(2/(-7)). Let p be 36/(-21) + n + (-11011)/(-49). Calculate the greatest common divisor of p and 25.
25
Suppose 3*v + 27 = 3*w, -w = -2*w + 5*v + 17. Calculate the greatest common factor of 301 and w.
7
Let m(f) = -f + 10. Let l be 2/12 + (-292)/24. Let q be m(l). What is the highest common factor of 55 and q?
11
Let i(f) = 30*f + 38. Let q be i(-1). Calculate the greatest common factor of q and 1088.
8
Let n be (4/6 + 3)/(1/9). Suppose 51 = 5*w + 4*c, -w = -2*w + c + 12. Calculate the greatest common divisor of n and w.
11
Let h = -1116 - -1252. What is the greatest common divisor of 34 and h?
34
Suppose -l - 3*c - 44 + 71 = 0, -5*c + 20 = 0. What is the highest common factor of 36 and l?
3
Let x be 1/5 - 148/(-10). Let q = x + 137. What is the highest common divisor of 19 and q?
19
Let c = 780 + -774. Calculate the highest common divisor of c and 254.
2
Let m(o) = 10*o - 85. Let j be m(9). What is the highest common divisor of j and 125?
5
Let n(r) = r**2 - 4*r + 4. Let j be n(2). Suppose j = -4*t + 34 + 86. What is the greatest common divisor of 12 and t?
6
Let f be (-9 + 10)/(3 - (-3417)/(-1140)). What is the highest common factor of 20 and f?
20
Suppose 9 = -2*j + 35. Calculate the greatest common factor of 767 and j.
13
Let k(x) = 2*x**2 + 2*x. Let a be k(-2). Suppose -5*d = -3*m + 35, 2*d + 0*d = -a*m + 12. Suppose m + 4 = w. Calculate the highest common divisor of w and 18.
9
Suppose -22*l + 2*q + 14 = -20*l, 4*q = l - 19. What is the highest common divisor of 9 and l?
3
Let g = 752 + -368. Calculate the highest common factor of g and 144.
48
Let x be (-1 - (-2 - -1))/(-1). Suppose t - 5*t = x. Suppose -2*b + 2*w + 38 = 0, t = 2*b + 3*w - 2 - 26. What is the greatest common factor of b and 85?
17
Suppose 5*b + 4*d = 796, -5*b - 5*d + 800 = -0*b. Suppose -9*l = -7*l - b. What is the greatest common divisor of 195 and l?
39
Let t = 2248 + -1535. What is the highest common factor of 23 and t?
23
Suppose 2*r - 53 = -4*f - 1, -4*r - 4*f = -88. What is the greatest common factor of 243 and r?
9
Suppose -740 = 309*g - 313*g. Calculate the highest common divisor of g and 74.
37
Suppose 994*w = 995*w - 1806. What is the greatest common divisor of w and 42?
42
Let k(s) = 43*s + 2. Let x be k(3). Let g = -11 + 66. Let c = x - g. What is the highest common factor of 19 and c?
19
Suppose 2*b - 4*q = -b - 58, 4*q = -3*b - 50. Let p = 21 + b. Suppose -p*f - l + 114 + 219 = 0, -5*f + 562 = 4*l. What is the highest common factor of 11 and f?
11
Let i(q) = q**3 + 6*q**2 - 5*q + 22. Let n be i(-7). What is the greatest common factor of n and 304?
8
Let n(k) = 21*k + 654. Let l be n(-29). Let m be (-8)/(-28) - (-208)/7. Calculate the highest common divisor of l and m.
15
Suppose -56*b + 8191 = 2143. What is the greatest common factor of 468 and b?
36
Let n(f) = 19*f - 25. Let l be n(3). Calculate the greatest common factor of 176 and l.
16
Suppose -2*z + 59 = 3*a - 2*a, 5*a = 5*z - 185. Let i = -68 + 116. Calculate the highest common divisor of i and z.
16
Suppose 5*u = -10 - 5, 5*x - 2*u - 26 = 0. Suppose -7*b + 12 = -x*b. Suppose -312 - 8 = -b*i. Calculate the highest common factor of 20 and i.
20
Suppose 116 = 5*q - m, 4*m - 10 - 6 = 0. Calculate the greatest common factor of q and 24.
24
Let d(g) = -68*g - 112. Let p be d(-2). What is the highest common factor of 216 and p?
24
Suppose 4920 = 4*s + b, -2*s - 1337 + 3797 = 4*b. What is the greatest common factor of 15 and s?
15
Let g be -19 - -7 - -116 - 1*5. Calculate the greatest common factor of g and 22.
11
Suppose 4*a = 188 + 192. Let p be 2/(2 - (-27)/(-15)). Let g = p - -28. Calculate the greatest common factor of a and g.
19
Suppose -157*s = -158*s + 27. Suppose -t + 14 + 31 = 0. Suppose -c + 9 + t = 0. What is the greatest common factor of c and s?
27
Suppose 0*q + 5*q + 3*y - 1433 = 0, 4*q = 2*y + 1164. Suppose 11*l - q = 52. Calculate the greatest common divisor of 217 and l.
31
Suppose 0 = -4*p + i + 117, -3*i - 4 - 11 = 0. Let j be (-11)/(44/(-280))*1. Calculate the highest common divisor of j and p.
14
Let x = -1052 - -1132. Let o be (-1 + 2 - -1)*4. What is the highest common divisor of x and o?
8
Suppose 0 = o - 4*z - 180, 7*z = -3*o + 3*z + 524. Let x = 108 - 95. Suppose x*m = 15*m - 32. What is the greatest common divisor of o and m?
16
Suppose 6*j = 8*j - 4. Suppose -m - j*m = -9. What is the highest common factor of m and 6?
3
Let z be (7 - (-5429)/8) + (-6)/(-16). What is the highest common divisor of z and 14?
14
Suppose 2*t + c - 77 = t, -4*t - c = -317. What is the highest common factor of 230 and t?
10
Let t be ((-2)/(-2) + -3)*1. Let o be -3 + t/5 + (-6736)/(-40). What is the greatest common factor of o and 15?
15
Suppose 3*z = 2*u + 2*u - 64, z + 5*u = -34. Let p = -22 - z. Calculate the highest common factor of p and 3.
1
Let n = 548 + -493. What is the highest common factor of n and 35?
5
Suppose -2*p - p = -768. Suppose 4*i = -4*a + p, -a + 131 = a - i. Calculate the greatest common factor of 26 and a.
13
Suppose 4*s + 21 = 61. Suppose -180 = -s*n + 5*n. Calculate the greatest common divisor of 54 and n.
18
Let s(x) = 4*x**2 - 6*x + 9. Let v be s(5). Let k = -78 + v. What is the greatest common divisor of 1 and k?
1
Let j(i) = i**2 + 6*i + 6. Let d be j(-6). Let q(h) = 0*h - 2*h + 12 + 5 + 3*h. Let c be q(-13). Calculate the highest common factor of d and c.
2
Let n(j) = j + 8. Let y be n(4). Suppose 9*u - 11*u = -y. Let s(f) = f**2 + 1. Let t be s(-1). Calculate the greatest common factor of t and u.
2
Suppose 4*s + 792 = 12*s. Calculate the greatest common divisor of s and 81.
9
Suppose -43*l + 46 = -20*l. Calculate the greatest common factor of 10 and l.
2
Suppose -5*p + 3*m = 36, 0*p = 2*p - 3*m + 18. Let z be 0 + 2 + p + 191. Calculate the greatest common divisor of z and 17.
17
Let g = 25 - 14. Suppose -82*k - 3 = -85*k. Calculate the highest common factor of k and g.
1
Suppose 5*n - 14 - 7 = -3*w, n + 3*w - 9 = 0. Suppose -3*u + 0*u + 81 = n*r, 61 = 3*u - 2*r. What is the highest common factor of u and 161?
23
Suppose 7 = -5*s + 37. Let u be 1/2*(1 - -3). Suppose -5*g + 2*a = -2*g - 70, -g = -u*a - 22. Calculate the greatest common factor of g and s.
6
Let z = 11 + -9. Let l(o) = 9*o**2 + 8 - 11*o**3 - o**z + 12*o**3 + 7*o - o**2. Let k be l(-6). What is the greatest common divisor of k and 8?
2
Let a = 321 + 43. Calculate the greatest common factor of a and 52.
52
Let r(d) be the first derivative of 5 + 2*d - 69/2*d**2. Let t be r(-3). Calculate the highest common divisor of t and 19.
19
Let n(i) = -i + 3. Let m be n(6). Let j = 8 + m. What is the highest common divisor of 40 and j?
5
Let n(t) = 6*t**2 + 10*t + 29. Let a be n(9). What is the highest common divisor of 10 and a?
5
Let i(q) = q + 36. Let j be i(-2). Calculate the greatest common divisor of j and 170.
34
Let u be 26*(-4 - 0 - (-110)/20). What is the greatest common divisor of u and 3?
3
Suppose -b + 37 = 5*o, 4*o - 2*b - 4 = 34. Let h = o - 5. Suppose -2*s - 5*w + 11 = 0, -4*s = -0*w - h*w - 9. What is the highest common factor of s and 6?
3
Let t = -66 - -153. Let j be t/18 - 3/(-18). Suppose 2*m + 2*r - 32 = -0*m, 4*m = 2*r + 88. What is the highest common factor of j and m?
5
Let g = -580 - -635. What is the greatest common divisor of 275 and g?
55
Suppose 4*g + 3*b + 9 = -g, -3*g + 5*b = -15. Suppose -j + 12 + 24 = g. Let d(y) = y - 32. Let k be d(41). Calculate the greatest common divisor of j and k.
9
Suppose -f + 132 = 2*f. Let q(a) = -30*a + 4. Let m be q(1). Let l = m - -30. Calculate the greatest common divisor of f and l.
4
Let h be ((-1)/(-4))/((-9)/36). Let y be 2*((-18)/(-4))/3. Let a be y/((-9)/(-6)) + h. What is the greatest common factor of a and